{"id":55,"date":"2014-01-03T11:50:47","date_gmt":"2014-01-03T09:50:47","guid":{"rendered":"http:\/\/christian.iwerk.ch\/?page_id=55"},"modified":"2025-07-01T14:51:57","modified_gmt":"2025-07-01T12:51:57","slug":"home","status":"publish","type":"page","link":"https:\/\/hatha-yoga-basel.ch\/","title":{"rendered":"Christian Hilzinger"},"content":{"rendered":"\n<figure class=\"wp-block-image size-large\"><a href=\"https:\/\/hatha-yoga-basel.ch\/wp-content\/uploads\/2022\/12\/Buddah-scaled.jpg\"><img loading=\"lazy\" decoding=\"async\" width=\"1024\" height=\"948\" src=\"https:\/\/hatha-yoga-basel.ch\/wp-content\/uploads\/2022\/12\/Buddah-1024x948.jpg\" alt=\"\" class=\"wp-image-247\" srcset=\"https:\/\/hatha-yoga-basel.ch\/wp-content\/uploads\/2022\/12\/Buddah-1024x948.jpg 1024w, https:\/\/hatha-yoga-basel.ch\/wp-content\/uploads\/2022\/12\/Buddah-300x278.jpg 300w, https:\/\/hatha-yoga-basel.ch\/wp-content\/uploads\/2022\/12\/Buddah-768x711.jpg 768w, https:\/\/hatha-yoga-basel.ch\/wp-content\/uploads\/2022\/12\/Buddah-1536x1422.jpg 1536w, https:\/\/hatha-yoga-basel.ch\/wp-content\/uploads\/2022\/12\/Buddah-2048x1896.jpg 2048w\" sizes=\"auto, (max-width: 1024px) 100vw, 1024px\" \/><\/a><figcaption>Yoga ist eine Lebens-Philosophie und KEINE Religion<\/figcaption><\/figure>\n\n\n\n<p><strong>YOGA<\/strong><\/p>\n\n\n\n<p><em><strong>Yoga ist h\u00f6chste Konzentration<\/strong><\/em><\/p>\n\n\n\n<p>Hatha-Yoga ist ein sehr k\u00f6rper-betonter Yoga-Stil. <a title=\"Informationen zu B.K.S. Iyengar\" rel=\"noopener noreferrer\" href=\"http:\/\/de.wikipedia.org\/wiki\/B._K._S._Iyengar\" target=\"_blank\">B.K.S. Iyengar<\/a> (1918-2014) entwickelte eine Methode, die auf pr\u00e4zise K\u00f6rperstellungen aufbaut und anatomisch korrekt ist. Um die Positionen auszuf\u00fchren, k\u00f6nnen sich Sch\u00fclerInnen mit Hilfmitteln unterst\u00fctzen. Yoga bringt K\u00f6rper und Geist zusammen. Die Yoga-Stellungen entspringen einer ausgefeilten Methode, um den K\u00f6rper mit seinen Muskeln und dem Gewebe\/Faszien zu dehnen und kr\u00e4ftigen.<\/p>\n\n\n\n<p>Yoga ist eine umfassende Lebens-Philosophie. Sie besteht aus acht Pfeilern, die alle gleichsam gelebt werden m\u00fcssen, um den vollen Effekt des Yoga zu erreichen, damit die Gedanken in klare, ruhige Bahnen gelenkt werden. <\/p>\n\n\n\n<p>Das <strong>Ziel des Yoga<\/strong> ist letztlich ein vorurteilsloses Denken mit Mitgef\u00fchl f\u00fcr sich und andere Menschen.<\/p>\n\n\n\n<p>Das theoretische Ger\u00fcst beruht auf dem indischen Gelehrten <a title=\"Informationan zu Patnajali\" rel=\"noopener noreferrer\" href=\"http:\/\/de.wikipedia.org\/wiki\/Patanjali\" target=\"_blank\">Patanjali<\/a>, der wahrscheinlich im 4. Jahrhundert n.Chr. lebte. Er oder jene Gelehrten-Gruppe stellte das \u00fcberlieferte Wissen in 196 Merks\u00e4tzen (<a title=\"Yoga Sutras von Patanjali\" rel=\"noopener noreferrer\" href=\"http:\/\/de.wikipedia.org\/wiki\/Yogasutra\" target=\"_blank\">Sutras<\/a>) zusammen, welche die Grundlage fast aller Yoga-Stilrichtungen sind. <\/p>\n\n\n\n<p>Diese <strong>acht Pfeiler<\/strong> sind:<\/p>\n\n\n\n<p><em>Yama <\/em>(ethische Regeln wie man sich anderen gegen\u00fcber verh\u00e4lt)<br><em>Niyama <\/em>(ethische Regeln wie man sich selbst gegen\u00fcber verh\u00e4lt)<br><em>Asana <\/em>(bewusst ausgef\u00fchrte K\u00f6rper\u00fcbungen \u00e4hnlich wie Stretching und Krafttraining)<br><em>Pranayama <\/em>(Atem\u00fcbungen)<br><em>Pratyahara <\/em>(Zur\u00fcckziehen der Sinne auf das eigene Selbst)<br><em>Dharana <\/em>(Konzentration)<br><em>Dhyana <\/em>(Meditation, Beobachten der eigenen Gedanken)<br><em>Samadhi <\/em>(h\u00f6chste Bewusstheit und wie im \u201eFlow\u201c sein)<\/p>\n\n\n\n<p>Im Unterricht werden Asanas und Pranayama gelehrt. Das Ziel sind stabile und ausgeglichene K\u00f6rperhaltung, K\u00f6rperbewusstsein und K\u00f6rperbeherrschung. Dies folgt nach dem bekannten Prinzip aus der Antike &#8222;Ein gesunder Geist in einem gesunden K\u00f6rper&#8220;. Die \u00fcbrigen sechs Pfeiler des Yoga nachzuleben ist pers\u00f6nliche Aufgabe der Sch\u00fclerInnen.<\/p>\n\n\n\n<div class=\"wp-block-columns is-layout-flex wp-container-core-columns-is-layout-9d6595d7 wp-block-columns-is-layout-flex\">\n<div class=\"wp-block-column is-layout-flow wp-block-column-is-layout-flow\" style=\"flex-basis:100%\">\n<h2 class=\"wp-block-heading\">Kontakt E-mail:<\/h2>\n\n\n\n<p>chris.yoga (dann &#8222;a&#8220; mit Kringel) gmx.net<\/p>\n<\/div>\n<\/div>\n","protected":false},"excerpt":{"rendered":"<p>YOGA Yoga ist h\u00f6chste Konzentration Hatha-Yoga ist ein sehr k\u00f6rper-betonter Yoga-Stil. B.K.S. Iyengar (1918-2014) entwickelte eine Methode, die auf pr\u00e4zise K\u00f6rperstellungen aufbaut und anatomisch korrekt ist. Um die Positionen auszuf\u00fchren, k\u00f6nnen sich Sch\u00fclerInnen mit Hilfmitteln unterst\u00fctzen. Yoga bringt K\u00f6rper und&#8230;<\/p>\n","protected":false},"author":1,"featured_media":0,"parent":0,"menu_order":0,"comment_status":"closed","ping_status":"closed","template":"","meta":{"footnotes":""},"class_list":["post-55","page","type-page","status-publish","hentry"],"_links":{"self":[{"href":"https:\/\/hatha-yoga-basel.ch\/index.php?rest_route=\/wp\/v2\/pages\/55","targetHints":{"allow":["GET"]}}],"collection":[{"href":"https:\/\/hatha-yoga-basel.ch\/index.php?rest_route=\/wp\/v2\/pages"}],"about":[{"href":"https:\/\/hatha-yoga-basel.ch\/index.php?rest_route=\/wp\/v2\/types\/page"}],"author":[{"embeddable":true,"href":"https:\/\/hatha-yoga-basel.ch\/index.php?rest_route=\/wp\/v2\/users\/1"}],"replies":[{"embeddable":true,"href":"https:\/\/hatha-yoga-basel.ch\/index.php?rest_route=%2Fwp%2Fv2%2Fcomments&post=55"}],"version-history":[{"count":31,"href":"https:\/\/hatha-yoga-basel.ch\/index.php?rest_route=\/wp\/v2\/pages\/55\/revisions"}],"predecessor-version":[{"id":327,"href":"https:\/\/hatha-yoga-basel.ch\/index.php?rest_route=\/wp\/v2\/pages\/55\/revisions\/327"}],"wp:attachment":[{"href":"https:\/\/hatha-yoga-basel.ch\/index.php?rest_route=%2Fwp%2Fv2%2Fmedia&parent=55"}],"curies":[{"name":"wp","href":"https:\/\/api.w.org\/{rel}","templated":true}]}}