{"id":259,"date":"2025-01-11T17:14:51","date_gmt":"2025-01-11T15:14:51","guid":{"rendered":"https:\/\/hatha-yoga-basel.ch\/?page_id=259"},"modified":"2025-07-01T22:20:05","modified_gmt":"2025-07-01T20:20:05","slug":"statements","status":"publish","type":"page","link":"https:\/\/hatha-yoga-basel.ch\/?page_id=259","title":{"rendered":"Statements"},"content":{"rendered":"\n<blockquote class=\"wp-block-quote is-style-large is-layout-flow wp-block-quote-is-layout-flow\"><p>Der langj\u00e4hrige Yoga-Unterricht hat meine Beweglichkeit und K\u00f6rperhaltung sicht- und sp\u00fcrbar verbessert.<\/p><cite>Katharina B. aus Riehen (BS)<\/cite><\/blockquote>\n\n\n\n<blockquote class=\"wp-block-quote is-style-large is-layout-flow wp-block-quote-is-layout-flow\"><p>Obwohl ich eigentlich lieber Ballsportarten nachgehe, besuche ich regelm\u00e4ssig die Yoga-Stunde. Dank der w\u00f6chentlichen Yoga-Stunde, habe ich meine R\u00fcckenprobleme im Griff. Das hilft mir auch f\u00fcr die Ballsportarten.  <\/p><cite>Roman B. aus Liestal (BL) <\/cite><\/blockquote>\n\n\n\n<blockquote class=\"wp-block-quote is-style-large is-layout-flow wp-block-quote-is-layout-flow\"><p>Yoga bei Christian entspannt den Kopf, f\u00f6rdert die Beweglichkeit und unterst\u00fctzt die K\u00f6rperhaltung.<\/p><cite>K.B.<\/cite><\/blockquote>\n\n\n\n<blockquote class=\"wp-block-quote is-style-large is-layout-flow wp-block-quote-is-layout-flow\"><p>Gegen meine R\u00fcckenschmerzen habe ich schon viel unternommen: Die Matratze gewechselt, die Ern\u00e4hrung umgestellt, ein neues Bett gekauft. Alles war erfolglos. Wirklich geholfen hat mir der Yoga-Unterricht bei Christian, und das schon nach kurzer Zeit.<\/p><cite>Patrick B. aus Binningen<\/cite><\/blockquote>\n\n\n\n<blockquote class=\"wp-block-quote is-style-large is-layout-flow wp-block-quote-is-layout-flow\"><p>Mir gef\u00e4llt insbesondere, dass Yoga bei Christian \u00fcberhaupt nicht esoterisch ist.<\/p><cite>S.K. aus Basel (BS)<\/cite><\/blockquote>\n\n\n\n<figure class=\"wp-block-image size-full\"><a href=\"https:\/\/hatha-yoga-basel.ch\/wp-content\/uploads\/2025\/07\/2A3A5943-1024x683-1.jpg\"><img loading=\"lazy\" decoding=\"async\" width=\"1024\" height=\"683\" src=\"https:\/\/hatha-yoga-basel.ch\/wp-content\/uploads\/2025\/07\/2A3A5943-1024x683-1.jpg\" alt=\"\" class=\"wp-image-355\" srcset=\"https:\/\/hatha-yoga-basel.ch\/wp-content\/uploads\/2025\/07\/2A3A5943-1024x683-1.jpg 1024w, https:\/\/hatha-yoga-basel.ch\/wp-content\/uploads\/2025\/07\/2A3A5943-1024x683-1-300x200.jpg 300w, https:\/\/hatha-yoga-basel.ch\/wp-content\/uploads\/2025\/07\/2A3A5943-1024x683-1-768x512.jpg 768w\" sizes=\"auto, (max-width: 1024px) 100vw, 1024px\" \/><\/a><\/figure>\n","protected":false},"excerpt":{"rendered":"<p>Der langj\u00e4hrige Yoga-Unterricht hat meine Beweglichkeit und K\u00f6rperhaltung sicht- und sp\u00fcrbar verbessert. Katharina B. aus Riehen (BS) Obwohl ich eigentlich lieber Ballsportarten nachgehe, besuche ich regelm\u00e4ssig die Yoga-Stunde. Dank der w\u00f6chentlichen Yoga-Stunde, habe ich meine R\u00fcckenprobleme im Griff. Das hilft&#8230;<\/p>\n","protected":false},"author":1,"featured_media":0,"parent":0,"menu_order":0,"comment_status":"closed","ping_status":"closed","template":"","meta":{"footnotes":""},"class_list":["post-259","page","type-page","status-publish","hentry"],"_links":{"self":[{"href":"https:\/\/hatha-yoga-basel.ch\/index.php?rest_route=\/wp\/v2\/pages\/259","targetHints":{"allow":["GET"]}}],"collection":[{"href":"https:\/\/hatha-yoga-basel.ch\/index.php?rest_route=\/wp\/v2\/pages"}],"about":[{"href":"https:\/\/hatha-yoga-basel.ch\/index.php?rest_route=\/wp\/v2\/types\/page"}],"author":[{"embeddable":true,"href":"https:\/\/hatha-yoga-basel.ch\/index.php?rest_route=\/wp\/v2\/users\/1"}],"replies":[{"embeddable":true,"href":"https:\/\/hatha-yoga-basel.ch\/index.php?rest_route=%2Fwp%2Fv2%2Fcomments&post=259"}],"version-history":[{"count":3,"href":"https:\/\/hatha-yoga-basel.ch\/index.php?rest_route=\/wp\/v2\/pages\/259\/revisions"}],"predecessor-version":[{"id":356,"href":"https:\/\/hatha-yoga-basel.ch\/index.php?rest_route=\/wp\/v2\/pages\/259\/revisions\/356"}],"wp:attachment":[{"href":"https:\/\/hatha-yoga-basel.ch\/index.php?rest_route=%2Fwp%2Fv2%2Fmedia&parent=259"}],"curies":[{"name":"wp","href":"https:\/\/api.w.org\/{rel}","templated":true}]}}